{"id":1231,"date":"2024-03-15T13:21:12","date_gmt":"2024-03-15T13:21:12","guid":{"rendered":"https:\/\/fcjk.me\/?post_type=issues&#038;p=1231"},"modified":"2024-03-15T13:21:13","modified_gmt":"2024-03-15T13:21:13","slug":"intimni-citalac-od-balzaka-do-dnevnika","status":"publish","type":"issues","link":"https:\/\/fcjk.me\/en\/izdanja\/intimni-citalac-od-balzaka-do-dnevnika\/","title":{"rendered":"Intimni \u010ditalac od balzaka do dnevnika"},"content":{"rendered":"<p>U ovoj Valerijevoj sa\u017eetoj misli prisutna su oba pola<\/p>\n\n\n\n<p>knji\u017eevnoga \u010dina; produkcija \u2013 unutra\u0161nji rad \u2013 i komunikaci-<br>ja \u2013 strani pogled. Jedino posljednji dio navedenoga epigrafa<\/p>\n\n\n\n<p>odgovara ovoj knjizi, a naro\u010dito prijedlog za, budu\u0107i da on u<br>stvari predstavlja krajnjega primaoca. Svaki zapis (mo\u017eemo<br>li to zapravo re\u0107i za intimni dnevnik?) bi\u0107e upu\u0107en, ima\u0107e, u<br>ve\u0107oj ili manjoj mjeri, tragove toga \u201estranoga\u201c koji ga opsijeda<br>tokom \u010ditanja. Tragove \u010ditaoca, ali virtuelnoga, kojega zahtijeva<br>jedno djelo fikcije, bez prisustva stvarnoga primaoca. Dakle,<br>ov\u0111e \u0107e biti govora samo o internome primaocu, na \u0161to ukazuju,<br>namjerne ili implicitne, tekstualne oznake: primalac zatvoren u<br>pripovijesti, intimni \u010ditalac.<\/p>","protected":false},"featured_media":1222,"template":"","categories":[17],"tags":[],"yoast_head":"<!-- This site is optimized with the Yoast SEO plugin v22.4 - https:\/\/yoast.com\/wordpress\/plugins\/seo\/ -->\n<title>Intimni \u010ditalac od balzaka do dnevnika - FCJK<\/title>\n<meta name=\"robots\" content=\"index, follow, max-snippet:-1, max-image-preview:large, max-video-preview:-1\" \/>\n<link rel=\"canonical\" href=\"https:\/\/fcjk.me\/en\/izdanja\/intimni-citalac-od-balzaka-do-dnevnika\/\" \/>\n<meta property=\"og:locale\" content=\"en_GB\" \/>\n<meta property=\"og:type\" content=\"article\" \/>\n<meta property=\"og:title\" content=\"Intimni \u010ditalac od balzaka do dnevnika - FCJK\" \/>\n<meta property=\"og:description\" content=\"U ovoj Valerijevoj sa\u017eetoj misli prisutna su oba pola knji\u017eevnoga \u010dina; produkcija \u2013 unutra\u0161nji rad \u2013 i komunikaci-ja \u2013 strani pogled. Jedino posljednji dio navedenoga epigrafa odgovara ovoj knjizi, a naro\u010dito prijedlog za, budu\u0107i da on ustvari predstavlja krajnjega primaoca. Svaki zapis (mo\u017eemoli to zapravo re\u0107i za intimni dnevnik?) bi\u0107e...\" \/>\n<meta property=\"og:url\" content=\"https:\/\/fcjk.me\/en\/izdanja\/intimni-citalac-od-balzaka-do-dnevnika\/\" \/>\n<meta property=\"og:site_name\" content=\"FCJK\" \/>\n<meta property=\"article:publisher\" content=\"https:\/\/www.facebook.com\/StudirajCrnogorski\" \/>\n<meta property=\"article:modified_time\" content=\"2024-03-15T13:21:13+00:00\" \/>\n<meta property=\"og:image\" content=\"https:\/\/fcjk.me\/wp-content\/uploads\/2024\/03\/ArsPoetica-05.jpg\" \/>\n\t<meta property=\"og:image:width\" content=\"2500\" \/>\n\t<meta property=\"og:image:height\" content=\"1600\" \/>\n\t<meta property=\"og:image:type\" content=\"image\/jpeg\" \/>\n<meta name=\"twitter:card\" content=\"summary_large_image\" \/>\n<meta name=\"twitter:label1\" content=\"Estimated reading time\" \/>\n\t<meta name=\"twitter:data1\" content=\"1 minute\" \/>\n<script type=\"application\/ld+json\" class=\"yoast-schema-graph\">{\"@context\":\"https:\/\/schema.org\",\"@graph\":[{\"@type\":\"WebPage\",\"@id\":\"https:\/\/fcjk.me\/izdanja\/intimni-citalac-od-balzaka-do-dnevnika\/\",\"url\":\"https:\/\/fcjk.me\/izdanja\/intimni-citalac-od-balzaka-do-dnevnika\/\",\"name\":\"Intimni \u010ditalac od balzaka do dnevnika - FCJK\",\"isPartOf\":{\"@id\":\"https:\/\/fcjk.me\/#website\"},\"primaryImageOfPage\":{\"@id\":\"https:\/\/fcjk.me\/izdanja\/intimni-citalac-od-balzaka-do-dnevnika\/#primaryimage\"},\"image\":{\"@id\":\"https:\/\/fcjk.me\/izdanja\/intimni-citalac-od-balzaka-do-dnevnika\/#primaryimage\"},\"thumbnailUrl\":\"https:\/\/fcjk.me\/wp-content\/uploads\/2024\/03\/ArsPoetica-05.jpg\",\"datePublished\":\"2024-03-15T13:21:12+00:00\",\"dateModified\":\"2024-03-15T13:21:13+00:00\",\"breadcrumb\":{\"@id\":\"https:\/\/fcjk.me\/izdanja\/intimni-citalac-od-balzaka-do-dnevnika\/#breadcrumb\"},\"inLanguage\":\"en-GB\",\"potentialAction\":[{\"@type\":\"ReadAction\",\"target\":[\"https:\/\/fcjk.me\/izdanja\/intimni-citalac-od-balzaka-do-dnevnika\/\"]}]},{\"@type\":\"ImageObject\",\"inLanguage\":\"en-GB\",\"@id\":\"https:\/\/fcjk.me\/izdanja\/intimni-citalac-od-balzaka-do-dnevnika\/#primaryimage\",\"url\":\"https:\/\/fcjk.me\/wp-content\/uploads\/2024\/03\/ArsPoetica-05.jpg\",\"contentUrl\":\"https:\/\/fcjk.me\/wp-content\/uploads\/2024\/03\/ArsPoetica-05.jpg\",\"width\":2500,\"height\":1600},{\"@type\":\"BreadcrumbList\",\"@id\":\"https:\/\/fcjk.me\/izdanja\/intimni-citalac-od-balzaka-do-dnevnika\/#breadcrumb\",\"itemListElement\":[{\"@type\":\"ListItem\",\"position\":1,\"name\":\"Home\",\"item\":\"https:\/\/fcjk.me\/\"},{\"@type\":\"ListItem\",\"position\":2,\"name\":\"FCJK Issues\",\"item\":\"https:\/\/fcjk.me\/en\/izdanja\/\"},{\"@type\":\"ListItem\",\"position\":3,\"name\":\"Intimni \u010ditalac od balzaka do dnevnika\"}]},{\"@type\":\"WebSite\",\"@id\":\"https:\/\/fcjk.me\/#website\",\"url\":\"https:\/\/fcjk.me\/\",\"name\":\"FCJK\",\"description\":\"Fakultet za Crnogorski jezik i knji\u017eevnost\",\"publisher\":{\"@id\":\"https:\/\/fcjk.me\/#organization\"},\"potentialAction\":[{\"@type\":\"SearchAction\",\"target\":{\"@type\":\"EntryPoint\",\"urlTemplate\":\"https:\/\/fcjk.me\/?s={search_term_string}\"},\"query-input\":\"required name=search_term_string\"}],\"inLanguage\":\"en-GB\"},{\"@type\":\"Organization\",\"@id\":\"https:\/\/fcjk.me\/#organization\",\"name\":\"FCJK\",\"url\":\"https:\/\/fcjk.me\/\",\"logo\":{\"@type\":\"ImageObject\",\"inLanguage\":\"en-GB\",\"@id\":\"https:\/\/fcjk.me\/#\/schema\/logo\/image\/\",\"url\":\"https:\/\/fcjk.me\/wp-content\/uploads\/2024\/01\/Vector.svg\",\"contentUrl\":\"https:\/\/fcjk.me\/wp-content\/uploads\/2024\/01\/Vector.svg\",\"width\":1622,\"height\":406,\"caption\":\"FCJK\"},\"image\":{\"@id\":\"https:\/\/fcjk.me\/#\/schema\/logo\/image\/\"},\"sameAs\":[\"https:\/\/www.facebook.com\/StudirajCrnogorski\",\"https:\/\/www.instagram.com\/fcjk.me\/\",\"https:\/\/www.youtube.com\/@fcjk\"]}]}<\/script>\n<!-- \/ Yoast SEO plugin. -->","yoast_head_json":{"title":"Intimni \u010ditalac od balzaka do dnevnika - FCJK","robots":{"index":"index","follow":"follow","max-snippet":"max-snippet:-1","max-image-preview":"max-image-preview:large","max-video-preview":"max-video-preview:-1"},"canonical":"https:\/\/fcjk.me\/en\/izdanja\/intimni-citalac-od-balzaka-do-dnevnika\/","og_locale":"en_GB","og_type":"article","og_title":"Intimni \u010ditalac od balzaka do dnevnika - FCJK","og_description":"U ovoj Valerijevoj sa\u017eetoj misli prisutna su oba pola knji\u017eevnoga \u010dina; produkcija \u2013 unutra\u0161nji rad \u2013 i komunikaci-ja \u2013 strani pogled. Jedino posljednji dio navedenoga epigrafa odgovara ovoj knjizi, a naro\u010dito prijedlog za, budu\u0107i da on ustvari predstavlja krajnjega primaoca. Svaki zapis (mo\u017eemoli to zapravo re\u0107i za intimni dnevnik?) bi\u0107e...","og_url":"https:\/\/fcjk.me\/en\/izdanja\/intimni-citalac-od-balzaka-do-dnevnika\/","og_site_name":"FCJK","article_publisher":"https:\/\/www.facebook.com\/StudirajCrnogorski","article_modified_time":"2024-03-15T13:21:13+00:00","og_image":[{"width":2500,"height":1600,"url":"https:\/\/fcjk.me\/wp-content\/uploads\/2024\/03\/ArsPoetica-05.jpg","type":"image\/jpeg"}],"twitter_card":"summary_large_image","twitter_misc":{"Estimated reading time":"1 minute"},"schema":{"@context":"https:\/\/schema.org","@graph":[{"@type":"WebPage","@id":"https:\/\/fcjk.me\/izdanja\/intimni-citalac-od-balzaka-do-dnevnika\/","url":"https:\/\/fcjk.me\/izdanja\/intimni-citalac-od-balzaka-do-dnevnika\/","name":"Intimni \u010ditalac od balzaka do dnevnika - FCJK","isPartOf":{"@id":"https:\/\/fcjk.me\/#website"},"primaryImageOfPage":{"@id":"https:\/\/fcjk.me\/izdanja\/intimni-citalac-od-balzaka-do-dnevnika\/#primaryimage"},"image":{"@id":"https:\/\/fcjk.me\/izdanja\/intimni-citalac-od-balzaka-do-dnevnika\/#primaryimage"},"thumbnailUrl":"https:\/\/fcjk.me\/wp-content\/uploads\/2024\/03\/ArsPoetica-05.jpg","datePublished":"2024-03-15T13:21:12+00:00","dateModified":"2024-03-15T13:21:13+00:00","breadcrumb":{"@id":"https:\/\/fcjk.me\/izdanja\/intimni-citalac-od-balzaka-do-dnevnika\/#breadcrumb"},"inLanguage":"en-GB","potentialAction":[{"@type":"ReadAction","target":["https:\/\/fcjk.me\/izdanja\/intimni-citalac-od-balzaka-do-dnevnika\/"]}]},{"@type":"ImageObject","inLanguage":"en-GB","@id":"https:\/\/fcjk.me\/izdanja\/intimni-citalac-od-balzaka-do-dnevnika\/#primaryimage","url":"https:\/\/fcjk.me\/wp-content\/uploads\/2024\/03\/ArsPoetica-05.jpg","contentUrl":"https:\/\/fcjk.me\/wp-content\/uploads\/2024\/03\/ArsPoetica-05.jpg","width":2500,"height":1600},{"@type":"BreadcrumbList","@id":"https:\/\/fcjk.me\/izdanja\/intimni-citalac-od-balzaka-do-dnevnika\/#breadcrumb","itemListElement":[{"@type":"ListItem","position":1,"name":"Home","item":"https:\/\/fcjk.me\/"},{"@type":"ListItem","position":2,"name":"FCJK Issues","item":"https:\/\/fcjk.me\/en\/izdanja\/"},{"@type":"ListItem","position":3,"name":"Intimni \u010ditalac od balzaka do dnevnika"}]},{"@type":"WebSite","@id":"https:\/\/fcjk.me\/#website","url":"https:\/\/fcjk.me\/","name":"FCJK","description":"Fakultet za Crnogorski jezik i knji\u017eevnost","publisher":{"@id":"https:\/\/fcjk.me\/#organization"},"potentialAction":[{"@type":"SearchAction","target":{"@type":"EntryPoint","urlTemplate":"https:\/\/fcjk.me\/?s={search_term_string}"},"query-input":"required name=search_term_string"}],"inLanguage":"en-GB"},{"@type":"Organization","@id":"https:\/\/fcjk.me\/#organization","name":"FCJK","url":"https:\/\/fcjk.me\/","logo":{"@type":"ImageObject","inLanguage":"en-GB","@id":"https:\/\/fcjk.me\/#\/schema\/logo\/image\/","url":"https:\/\/fcjk.me\/wp-content\/uploads\/2024\/01\/Vector.svg","contentUrl":"https:\/\/fcjk.me\/wp-content\/uploads\/2024\/01\/Vector.svg","width":1622,"height":406,"caption":"FCJK"},"image":{"@id":"https:\/\/fcjk.me\/#\/schema\/logo\/image\/"},"sameAs":["https:\/\/www.facebook.com\/StudirajCrnogorski","https:\/\/www.instagram.com\/fcjk.me\/","https:\/\/www.youtube.com\/@fcjk"]}]}},"_links":{"self":[{"href":"https:\/\/fcjk.me\/en\/wp-json\/wp\/v2\/issues\/1231"}],"collection":[{"href":"https:\/\/fcjk.me\/en\/wp-json\/wp\/v2\/issues"}],"about":[{"href":"https:\/\/fcjk.me\/en\/wp-json\/wp\/v2\/types\/issues"}],"wp:featuredmedia":[{"embeddable":true,"href":"https:\/\/fcjk.me\/en\/wp-json\/wp\/v2\/media\/1222"}],"wp:attachment":[{"href":"https:\/\/fcjk.me\/en\/wp-json\/wp\/v2\/media?parent=1231"}],"wp:term":[{"taxonomy":"category","embeddable":true,"href":"https:\/\/fcjk.me\/en\/wp-json\/wp\/v2\/categories?post=1231"},{"taxonomy":"post_tag","embeddable":true,"href":"https:\/\/fcjk.me\/en\/wp-json\/wp\/v2\/tags?post=1231"}],"curies":[{"name":"wp","href":"https:\/\/api.w.org\/{rel}","templated":true}]}}

Intimni čitalac od balzaka do dnevnika

<p>U ovoj Valerijevoj sažetoj misli prisutna su oba pola</p>



<p>književnoga čina; produkcija – unutrašnji rad – i komunikaci-<br>ja – strani pogled. Jedino posljednji dio navedenoga epigrafa</p>



<p>odgovara ovoj knjizi, a naročito prijedlog za, budući da on u<br>stvari predstavlja krajnjega primaoca. Svaki zapis (možemo<br>li to zapravo reći za intimni dnevnik?) biće upućen, imaće, u<br>većoj ili manjoj mjeri, tragove toga „stranoga“ koji ga opsijeda<br>tokom čitanja. Tragove čitaoca, ali virtuelnoga, kojega zahtijeva<br>jedno djelo fikcije, bez prisustva stvarnoga primaoca. Dakle,<br>ovđe će biti govora samo o internome primaocu, na što ukazuju,<br>namjerne ili implicitne, tekstualne oznake: primalac zatvoren u<br>pripovijesti, intimni čitalac.</p>

<!-- This site is optimized with the Yoast SEO plugin v22.4 - https://yoast.com/wordpress/plugins/seo/ -->
<title>Intimni čitalac od balzaka do dnevnika - FCJK</title>
<meta name="robots" content="index, follow, max-snippet:-1, max-image-preview:large, max-video-preview:-1" />
<link rel="canonical" href="https://fcjk.me/en/izdanja/intimni-citalac-od-balzaka-do-dnevnika/" />
<meta property="og:locale" content="en_GB" />
<meta property="og:type" content="article" />
<meta property="og:title" content="Intimni čitalac od balzaka do dnevnika - FCJK" />
<meta property="og:description" content="U ovoj Valerijevoj sažetoj misli prisutna su oba pola književnoga čina; produkcija – unutrašnji rad – i komunikaci-ja – strani pogled. Jedino posljednji dio navedenoga epigrafa odgovara ovoj knjizi, a naročito prijedlog za, budući da on ustvari predstavlja krajnjega primaoca. Svaki zapis (možemoli to zapravo reći za intimni dnevnik?) biće..." />
<meta property="og:url" content="https://fcjk.me/en/izdanja/intimni-citalac-od-balzaka-do-dnevnika/" />
<meta property="og:site_name" content="FCJK" />
<meta property="article:publisher" content="https://www.facebook.com/StudirajCrnogorski" />
<meta property="article:modified_time" content="2024-03-15T13:21:13+00:00" />
<meta property="og:image" content="https://fcjk.me/wp-content/uploads/2024/03/ArsPoetica-05.jpg" />
	<meta property="og:image:width" content="2500" />
	<meta property="og:image:height" content="1600" />
	<meta property="og:image:type" content="image/jpeg" />
<meta name="twitter:card" content="summary_large_image" />
<meta name="twitter:label1" content="Estimated reading time" />
	<meta name="twitter:data1" content="1 minute" />
<script type="application/ld+json" class="yoast-schema-graph">{"@context":"https://schema.org","@graph":[{"@type":"WebPage","@id":"https://fcjk.me/izdanja/intimni-citalac-od-balzaka-do-dnevnika/","url":"https://fcjk.me/izdanja/intimni-citalac-od-balzaka-do-dnevnika/","name":"Intimni čitalac od balzaka do dnevnika - FCJK","isPartOf":{"@id":"https://fcjk.me/#website"},"primaryImageOfPage":{"@id":"https://fcjk.me/izdanja/intimni-citalac-od-balzaka-do-dnevnika/#primaryimage"},"image":{"@id":"https://fcjk.me/izdanja/intimni-citalac-od-balzaka-do-dnevnika/#primaryimage"},"thumbnailUrl":"https://fcjk.me/wp-content/uploads/2024/03/ArsPoetica-05.jpg","datePublished":"2024-03-15T13:21:12+00:00","dateModified":"2024-03-15T13:21:13+00:00","breadcrumb":{"@id":"https://fcjk.me/izdanja/intimni-citalac-od-balzaka-do-dnevnika/#breadcrumb"},"inLanguage":"en-GB","potentialAction":[{"@type":"ReadAction","target":["https://fcjk.me/izdanja/intimni-citalac-od-balzaka-do-dnevnika/"]}]},{"@type":"ImageObject","inLanguage":"en-GB","@id":"https://fcjk.me/izdanja/intimni-citalac-od-balzaka-do-dnevnika/#primaryimage","url":"https://fcjk.me/wp-content/uploads/2024/03/ArsPoetica-05.jpg","contentUrl":"https://fcjk.me/wp-content/uploads/2024/03/ArsPoetica-05.jpg","width":2500,"height":1600},{"@type":"BreadcrumbList","@id":"https://fcjk.me/izdanja/intimni-citalac-od-balzaka-do-dnevnika/#breadcrumb","itemListElement":[{"@type":"ListItem","position":1,"name":"Home","item":"https://fcjk.me/"},{"@type":"ListItem","position":2,"name":"FCJK Issues","item":"https://fcjk.me/en/izdanja/"},{"@type":"ListItem","position":3,"name":"Intimni čitalac od balzaka do dnevnika"}]},{"@type":"WebSite","@id":"https://fcjk.me/#website","url":"https://fcjk.me/","name":"FCJK","description":"Fakultet za Crnogorski jezik i književnost","publisher":{"@id":"https://fcjk.me/#organization"},"potentialAction":[{"@type":"SearchAction","target":{"@type":"EntryPoint","urlTemplate":"https://fcjk.me/?s={search_term_string}"},"query-input":"required name=search_term_string"}],"inLanguage":"en-GB"},{"@type":"Organization","@id":"https://fcjk.me/#organization","name":"FCJK","url":"https://fcjk.me/","logo":{"@type":"ImageObject","inLanguage":"en-GB","@id":"https://fcjk.me/#/schema/logo/image/","url":"https://fcjk.me/wp-content/uploads/2024/01/Vector.svg","contentUrl":"https://fcjk.me/wp-content/uploads/2024/01/Vector.svg","width":1622,"height":406,"caption":"FCJK"},"image":{"@id":"https://fcjk.me/#/schema/logo/image/"},"sameAs":["https://www.facebook.com/StudirajCrnogorski","https://www.instagram.com/fcjk.me/","https://www.youtube.com/@fcjk"]}]}</script>
<!-- / Yoast SEO plugin. -->

Intimni čitalac od balzaka do dnevnika - FCJK

U ovoj Valerijevoj sažetoj misli prisutna su oba pola književnoga čina; produkcija – unutrašnji rad – i komunikaci-ja – strani pogled. Jedino posljednji dio navedenoga epigrafa odgovara ovoj knjizi, a naročito prijedlog za, budući da on ustvari predstavlja krajnjega primaoca. Svaki zapis (možemoli to zapravo reći za intimni dnevnik?) biće...

Fakultet za Crnogorski jezik i književnost
